19*i. Let q(t) = -t**3 - 5*t**2 + 6*t - 5. Determine q(i).
-5
Let m(q) be the second derivative of 3*q**4/4 + 73*q**3/6 + 9*q**2/2 + 323*q + 4. Calculate m(-8).
1
Let g = -164 - -173. Suppose n = -5*d + 3, -g*n = -14*n + d - 11. Let h(q) = 7*q**2 + 2*q - 2. Calculate h(n).
22
Let f(b) = 4*b + 10 - 2 + 8*b + 3*b**3 + b**3 - 14*b - 16*b**2. Let g be f(4). Let k(a) = -a - 3 + 0*a**3 + a**3 - 2*a**2 + a**2. Determine k(g).
-3
Let g(q) be the second derivative of 19*q**3/3 - 9*q**2/2 - 579*q - 2. Calculate g(1).
29
Let z(f) = -10*f**3 + 61*f**2 + 32*f - 62. Let s(d) = 6*d**3 - 32*d**2 - 16*d + 31. Let u(g) = -7*s(g) - 4*z(g). Calculate u(-9).
13
Let x(a) = a**3 + 8*a**2 - a - 25. Suppose 16*c + 3*v = 15*c - 23, -4*v - 44 = 3*c. Give x(c).
-17
Let y be (-11)/(1*(-13 + 28 - 14)). Let h(o) be the first derivative of o**2 + 9*o - 2. Determine h(y).
-13
Let g(t) = t**3 - 10*t**2 + 4*t - 10. Let y = 29 - 20. Let q be (1/3)/((3 - y)/(-180)). What is g(q)?
30
Let r(h) = -h. Let w(q) = 1. Let s(d) = -2*r(d) + w(d). Suppose 0 = -56*t + 82 + 86. Give s(t).
7
Let x(d) = 23*d**3 + 20*d**2 + 19*d - 1. Let r(w) = -13*w**3 - 10*w**2 - 9*w. Let i(s) = 7*r(s) + 4*x(s). Give i(-8).
20
Suppose -5*a - 3*g - 2*g = -10, 5*a - 5*g = 20. Let z(c) = a*c**2 + 2 + c**2 - 2*c**2 - 6*c. Let s be 6 - (7 + -13 - -8). Calculate z(s).
10
Suppose -5*u - 2*a + 4 = -6, 5 = -5*u - 5*a. Suppose 0 = -5*r - 5*c + u*c, r = -2*c - 9. Let t(j) = 6*j. Calculate t(r).
6
Let c be (-1 + 0 + 4)*1. Let g(y) be the second derivative of -y**3 + y**2 + 7*y - 1147. What is g(c)?
-16
Let g(r) = r**2 - 20*r + 32. Let h be ((-27)/3)/((-51)/102). Give g(h).
-4
Let p = 260 - 200. Let m(t) = 2*t**2 + 68*t - t**2 - p*t. Determine m(-5).
-15
Let k(q) = -4 - q**2 - 79487*q + 0*q**3 + 5*q**2 + 79482*q + q**3 + 0. Give k(-5).
-4
Let m(o) = 2*o**2 - 164*o - 2506. Let t be m(-13). Let c(p) = -p**2 - 34*p + 67. What is c(t)?
-5
Suppose 0 = d - 15 - 0. Suppose 3*h = -d - 3. Let q(i) = i**2 + i + 1. Let y(n) = 4*n**2 - n + 11. Let f(k) = 5*q(k) - y(k). What is f(h)?
-6
Let u(x) = 2*x**3 + 4*x**2 + 4*x + 3. Let t = -56 + 63. Let i = -2 + t. Let w be (i/(-15) + 0)*6. What is u(w)?
-5
Let c(j) = -52*j**2 + 8*j - 3. Let i(f) = 21*f**2 - 3*f + 2. Let h(s) = -4*c(s) - 9*i(s). Give h(-2).
80
Let n(p) = -p**3 - 7*p**2 - p - 7. Let d be 3*(-28)/(-12) - 3. Let j be (-3)/(-12)*d*(-8 + 1). Give n(j).
0
Let k(h) = -h - 169983 - 7*h + 169985. Give k(2).
-14
Let m = -235 + 244. Let a(v) be the first derivative of v**2/2 + 8*v - 28. Determine a(m).
17
Suppose -3 + 21 = 3*x. Suppose 5*b - x = 4. Let q(j) = 7*j**2 - 3*j + 3. What is q(b)?
25
Let f(k) = k**3 + 65*k**2 + 61*k - 190. Let n be f(-64). Let o(a) be the first derivative of -a + 1/2*a**2 + 1 - n*a**3. What is o(1)?
-6
Let a(v) be the third derivative of -v**6/120 - v**5/15 + 5*v**4/24 - v**3 + 25*v**2. Let u be ((-397)/(-6))/(-1) - (-93)/558. Let z = -71 - u. Determine a(z).
-6
Let w(x) be the third derivative of x**5/30 - 11*x**4/12 + 2*x**3 - 658*x**2. Calculate w(13).
64
Let j(r) be the first derivative of -r**2/2 - 2*r - 9175. Let u(s) = s - 1. Let x be u(-3). What is j(x)?
2
Let p(u) be the second derivative of u**3/2 - 20*u**2 - 4*u - 59. Calculate p(10).
-10
Let p = -374 - -436. Let v = p + -57. Let y(z) = -3*z - 4. Determine y(v).
-19
Let h(l) = 5*l**3 + 6*l**2 + l + 27. Let n(t) = -11*t**3 - 13*t**2 - t - 60. Let a(g) = -9*h(g) - 4*n(g). Determine a(-3).
21
Let d be 16 + (-19 - -13 - 5). Let t(l) = l**3 - 3*l**2 + 5. Give t(d).
55
Let w(l) be the second derivative of 31*l**3/6 - 3*l**2/2 - 71*l + 3. Let q(h) = 50*h - 4. Let y(p) = -5*q(p) + 8*w(p). Determine y(8).
-20
Let k(p) = 49*p**2 - 7*p - 60. Let s(y) = 12*y**2 - 16. Let g(b) = k(b) - 4*s(b). Let v = -7 - -10. Let a be (5 - 1) + 3/v. What is g(a)?
-6
Let w(f) = f**3 - 26*f**2 - 30*f + 1. Suppose 174*c = -3*i + 177*c + 84, 50 = 2*i + 4*c. Give w(i).
-80
Let k(c) be the third derivative of 1/6*c**3 + 0 - 7/30*c**5 + 1/24*c**4 + 0*c + 19*c**2. Calculate k(-1).
-14
Let b(m) = 877*m**2 - 1725*m**2 + 142 - m**3 + 852*m**2 + 74*m - 478. Determine b(5).
9
Let u(b) = -5 - 21*b + 23*b - 19. Let y be u(17). Suppose 55 = y*v - 15*v. Let n(l) = l + 10. Give n(v).
-1
Suppose 6*a = -18*a. Let p(l) be the second derivative of -1/2*l**2 + a + 1/3*l**3 + 1/12*l**4 + 17*l. Give p(-2).
-1
Let h(i) = -5*i + 4. Let y(n) = -6*n + 3. Suppose -13*v + v - 36 = 0. Let x(m) = v*h(m) + 2*y(m). Give x(3).
3
Let k(b) = b**2 - 2*b - 3. Let w be k(-1). Suppose 0*z - 2*z + 4 = w. Let f(d) be the first derivative of 3*d**2 - d - 8. Calculate f(z).
11
Let k(q) = -8*q - 19. Let m(z) = -4*z - 8. Let x(t) = 3*k(t) - 7*m(t). Let d = 174 - 177. Determine x(d).
-13
Let h(k) be the first derivative of k**3/6 - 3*k**2/2 - 28*k + 74. Let p(n) be the first derivative of h(n). What is p(-5)?
-8
Let z be (4/(-6))/(6/(-27)). Let a(m) = 6 - 2*m**2 + 6*m - z*m**3 - m**3 + 3*m**3. Suppose 2724 = -687*i - 24. Determine a(i).
14
Let w(q) = 3*q**3 + 15*q**2 - 4*q - 6. Suppose -3*o - 8 = -2*o. Let d(x) = -x**3 - 5*x**2 + x + 2. Let g(b) = o*d(b) - 3*w(b). Calculate g(-6).
14
Let n(h) = 12*h + 22. Suppose 5*m + 29 = 2*t, 3*t + 5 = -3*m - 25. Calculate n(t).
-14
Let a(x) = x + 74. Suppose 5*g = -13*k + 14*k - 92, 4*k - 44 = 2*g. Determine a(g).
56
Let b(g) = g**2 + 15*g + 3. Suppose 693*j - 658*j = 181 - 671. Give b(j).
-11
Let m(t) = t. Let a be m(-4). Let c(u) = 8*u + 39. Let g be c(a). Let l(x) = x**2 - 9*x + 8. Calculate l(g).
-6
Let x = 1135 - 1142. Let q(u) be the second derivative of -u**3/3 - 9*u**2/2 + 6*u. Calculate q(x).
5
Let v(q) = 3*q**3 + q**2 - 2*q + 10. Let z(t) = 13*t**3 + 4*t**2 - 9*t + 41. Suppose g - 1 = 0, 12*k - 7*k + g = -9. Let l(u) = k*z(u) + 9*v(u). Calculate l(0).
8
Let t(w) = w - 5. Let k(s) = -s**3 + 22*s**2 + 10. Let n be 10/6 - (-1159)/57. Let a be k(n). Give t(a).
5
Let x(h) = 15*h**2 - 14*h**2 - 4*h - 8 - 3*h. Let d = 34 + -37. Let u be (15/(-6) + 1 - d)*4. Calculate x(u).
-14
Let n be (-147)/(39 - 18) + 11. Let b(o) = -o**3 + 3*o**2 + 10. Calculate b(n).
-6
Let b(f) = 7*f**2 - 1. Let q(l) = 3*l**2 + l + 2. Let y be q(-2). Suppose -5*w - 55 = -5*x, -x + 4*w - 24 = -20. Suppose -y*a = 4*a - x. What is b(a)?
6
Let i be 19 - -6 - (-6)/(-2). Let v(r) = 23*r - 4 - 59*r - r**3 + i*r - 6*r**2 + 23*r. Let u be (-10)/2 + (-8)/4. Calculate v(u).
-18
Let o(z) = 1107*z**2 - z. Let f be o(1). Let l(h) = -4 - 2 - f*h**2 - h + 1107*h**2. What is l(5)?
14
Let h(f) be the second derivative of 7/12*f**4 + 4*f - 8 - 1/6*f**3 - 1/20*f**5 + 4*f**2. Give h(7).
1
Let x(z) = 15*z - 37. Let j(b) = -8*b + 20. Let r(p) = -11*j(p) - 6*x(p). Suppose 0*f + 4*f = -5*m + 17, 0 = -3*m + 15. Calculate r(f).
6
Let m(l) = 2*l - 30. Let q(i) = -9*i + 146. Let f(r) = 11*m(r) + 2*q(r). What is f(6)?
-14
Suppose -16*r - 18*r = -32*r + 6. Let p(l) = l**3 - l**2 + 4*l - 1. Determine p(r).
-49
Let q(z) = -5*z - 4*z + 24 + 3*z + 3*z. Suppose 2*t = -4*h - 8, 1 = 40*t - 42*t - 3*h. Calculate q(t).
-6
Let t(m) = -8*m**3 - 43*m**2 + 55*m - 162. Let p(z) = -11*z**3 - 65*z**2 + 82*z - 242. Let a(q) = -5*p(q) + 7*t(q). What is a(23)?
30
Let x(b) be the second derivative of -b**5/20 - b**4/2 - b**3/6 + 34*b. Let d(o) = 8*o**2 + o. Let n(j) = -3*d(j) - 4*x(j). Calculate n(-1).
-5
Let p = -217 + 225. Let r(k) = -k**3 + 0*k**3 - k**2 + 4*k - 90 + 9*k**2 + 86. Determine r(p).
28
Suppose 8 = -2*y + 4*u, 0*u = -2*u + 2. Let w(s) be the second derivative of -s**4/12 - s**3/3 + 70*s. Determine w(y).
0
Let s(f) = f**3 + 5*f**2 + 2. Let b be s(-5). Suppose -4*j + 0*m + b*m + 2 = 0, -5*j + 20 = m. Let a(q) = -3 + q**j + 7*q**2 + q**2 - 11*q**2. Determine a(3).
-3
Let l(v) = -6*v**2 - 10*v + 23. Let m(b) = 7*b**2 + 11*b - 27. Let c(h) = 6*l(h) + 5*m(h). Suppose 0 = 8*s - 3*s + 35. What is c(s)?
-11
Let d(w) = -3*w. Let v be (-201)/(-402)*(0 + 11 + 1). Suppose -3*p + 6*p = -v. Calculate d(p).
6
Let t(y) = 8*y**3 - 26*y**2 + y + 26. Let n(f) = 3*f**3 - 9*f**2 + 9. Let q(d) = 11*n(d) - 4*t(d). Let h = 1885 + -1891. What is q(h)?
-17
Let n(x) be the first derivative of -x**6/360 - x**5/120 + x**4/6 - 33*x**3 + 80. Let j(q) be the third derivative of n(q). Let z = 1 + -1. Calculate j(z).
4
Let v(u) = u**3 + 33*u**2 + 160*u - 6. Let c be v(-6). Let f(t) = t**3 - 7*t**2 + 9*t + 14. Calculate f(c).
3